{"id":726,"date":"2015-02-09T11:27:05","date_gmt":"2015-02-09T14:27:05","guid":{"rendered":"http:\/\/www.myfriend.cl\/?page_id=726"},"modified":"2015-02-09T12:37:13","modified_gmt":"2015-02-09T15:37:13","slug":"news","status":"publish","type":"page","link":"https:\/\/www.myfriend.cl\/en\/news\/","title":{"rendered":"News"},"content":{"rendered":"\r\n\t<div id=\"fws_6a992b9c5a8df\" data-bg-mobile-hidden=\"\" class=\"wpb_row vc_row-fluid standard_section   \"  style=\"padding-top: 0px; padding-bottom: 0px; \"><div class=\"row-bg-wrap\"> <div class=\"row-bg   \" style=\"\"><\/div> <\/div><div class=\"col span_12 dark \">\n\t<div  class=\"vc_span12 wpb_column column_container col no-extra-padding\"  data-padding-pos=\"all\" data-hover-bg=\"\" data-animation=\"\" data-delay=\"0\">\n\t\t<div class=\"wpb_wrapper\">\n\t\t\t\t\r\n\t<div class=\"row\">\r\n\t\r\n\t <div id=\"post-area\" class=\"col span_12 col_last \"> <div class=\"posts-container\">\t\t\t\t\r\n\t\t\t\t\r\n\t\t\t\t<article id=\"post-735\" class=\"post-735 post type-post status-publish format-standard has-post-thumbnail hentry category-news\">\n\n\t<div class=\"post-content\">\n\t\t\n\t\t\t\t\t\n\t\t\t\t\t\t\n\t\t\t<div class=\"post-meta \">\n\t\t\t\t\n\t\t\t\t\t\t\t\t\n\t\t\t\t<div class=\"date\">\n\t\t\t\t\t\t\t\t\t\t\n\t\t\t\t\t\t<span class=\"month\">Feb<\/span>\n\t\t\t\t\t\t<span class=\"day\">09<\/span>\n\t\t\t\t\t\t\t\t\t\t<\/div><!--\/date-->\n\t\t\t\t\n\t\t\t\t<div class=\"nectar-love-wrap\">\n\t\t\t\t\t<a href=\"#\" class=\"nectar-love\" id=\"nectar-love-735\" title=\"Love this\"> <div class=\"heart-wrap\"><i class=\"icon-salient-heart-2\"><\/i> <i class=\"icon-salient-heart loved\"><\/i><\/div><span class=\"nectar-love-count\">3<\/span><\/a>\t\t\t\t<\/div><!--\/nectar-love-wrap-->\t\n\t\t\t\t\t\t\t\n\t\t\t<\/div><!--\/post-meta-->\n\t\t\t\n\t\t\t\t\n\t\t<div class=\"content-inner\">\n\t\t\t\n\t\t\t<a href=\"https:\/\/www.myfriend.cl\/en\/buscando-a-maria-finaliza-grabaciones-2\/\"><span class=\"post-featured-img\"><img width=\"722\" height=\"269\" src=\"https:\/\/www.myfriend.cl\/bm\/wp-content\/uploads\/2015\/01\/bmaria.jpg\" class=\"attachment-full size-full wp-post-image\" alt=\"\" decoding=\"async\" loading=\"lazy\" title=\"\" srcset=\"https:\/\/www.myfriend.cl\/bm\/wp-content\/uploads\/2015\/01\/bmaria.jpg 722w, https:\/\/www.myfriend.cl\/bm\/wp-content\/uploads\/2015\/01\/bmaria-300x111.jpg 300w\" sizes=\"(max-width: 722px) 100vw, 722px\" \/><\/span><\/a>\t\t\t\n\t\t\t\t\t\t\t<div class=\"article-content-wrap\">\n\n\t\t\t\t\t<div class=\"post-header\">\n\t\t\t\t\t\t<h2 class=\"title\"> <a href=\"https:\/\/www.myfriend.cl\/en\/buscando-a-maria-finaliza-grabaciones-2\/\">\u201cBuscando a Mar\u00eda\u201d finaliza grabaciones <\/a> <\/h2>\n\t\t\t\t\t\t<span class=\"meta-author\">By <a href=\"https:\/\/www.myfriend.cl\/en\/author\/javier\/\" title=\"Posts by javier\" rel=\"author\">javier<\/a><\/span> <span class=\"meta-category\">| <a href=\"https:\/\/www.myfriend.cl\/en\/category\/news\/\">News<\/a><\/span> <span class=\"meta-comment-count\">| <a href=\"https:\/\/www.myfriend.cl\/en\/buscando-a-maria-finaliza-grabaciones-2\/#respond\">\n\t\t\t\t\t\tNo Comments<\/a><\/span>\n\t\t\t\t\t<\/div><!--\/post-header-->\n\t\t\t\t<div class=\"excerpt\"><p>La nueva teleserie de Chilevisi\u00f3n protagonizada por Isidora Urrejola, Ricardo Fern\u00e1ndez, Cristi\u00e1n Carvajal y realizada por la productora My Friend termin\u00f3 su rodaje esta tarde. La historia original de V\u00edctor Carrasco y que escribieron los guionistas Carlos Galofr\u00e9, Sandra Arriagada e Iv\u00e1n Salas-Moya llegar\u00eda<\/p>\n<\/div><a class=\"more-link\" href=\"https:\/\/www.myfriend.cl\/en\/buscando-a-maria-finaliza-grabaciones-2\/\"><span class=\"continue-reading\">Read More<\/span><\/a>\t\t\t\t\t\n\t\t\t\t<\/div><!--article-content-wrap-->\n\n\t\t\t\t\t\t\n\t\t   \n\t\t\t\t\t\t\n\t\t\t\t\t\t\t\n\t\t<\/div><!--\/content-inner-->\n\t\t\n\t<\/div><!--\/post-content-->\n\t\t\n<\/article><!--\/article-->\r\n\t\t\t\t\t\t\t\r\n\t\t\t\t\r\n\t\t\t\t<article id=\"post-737\" class=\"post-737 post type-post status-publish format-standard has-post-thumbnail hentry category-news\">\n\n\t<div class=\"post-content\">\n\t\t\n\t\t\t\t\t\n\t\t\t\t\t\t\n\t\t\t<div class=\"post-meta \">\n\t\t\t\t\n\t\t\t\t\t\t\t\t\n\t\t\t\t<div class=\"date\">\n\t\t\t\t\t\t\t\t\t\t\n\t\t\t\t\t\t<span class=\"month\">Feb<\/span>\n\t\t\t\t\t\t<span class=\"day\">09<\/span>\n\t\t\t\t\t\t\t\t\t\t<\/div><!--\/date-->\n\t\t\t\t\n\t\t\t\t<div class=\"nectar-love-wrap\">\n\t\t\t\t\t<a href=\"#\" class=\"nectar-love\" id=\"nectar-love-737\" title=\"Love this\"> <div class=\"heart-wrap\"><i class=\"icon-salient-heart-2\"><\/i> <i class=\"icon-salient-heart loved\"><\/i><\/div><span class=\"nectar-love-count\">0<\/span><\/a>\t\t\t\t<\/div><!--\/nectar-love-wrap-->\t\n\t\t\t\t\t\t\t\n\t\t\t<\/div><!--\/post-meta-->\n\t\t\t\n\t\t\t\t\n\t\t<div class=\"content-inner\">\n\t\t\t\n\t\t\t<a href=\"https:\/\/www.myfriend.cl\/en\/fundacion-diabetes-juvenil-de-chile-2\/\"><span class=\"post-featured-img\"><img width=\"722\" height=\"269\" src=\"https:\/\/www.myfriend.cl\/bm\/wp-content\/uploads\/2015\/01\/Acoger-Foto-1.jpg\" class=\"attachment-full size-full wp-post-image\" alt=\"\" decoding=\"async\" loading=\"lazy\" title=\"\" srcset=\"https:\/\/www.myfriend.cl\/bm\/wp-content\/uploads\/2015\/01\/Acoger-Foto-1.jpg 722w, https:\/\/www.myfriend.cl\/bm\/wp-content\/uploads\/2015\/01\/Acoger-Foto-1-300x111.jpg 300w\" sizes=\"(max-width: 722px) 100vw, 722px\" \/><\/span><\/a>\t\t\t\n\t\t\t\t\t\t\t<div class=\"article-content-wrap\">\n\n\t\t\t\t\t<div class=\"post-header\">\n\t\t\t\t\t\t<h2 class=\"title\"> <a href=\"https:\/\/www.myfriend.cl\/en\/fundacion-diabetes-juvenil-de-chile-2\/\">Fundaci\u00f3n Diabetes Juvenil de Chile <\/a> <\/h2>\n\t\t\t\t\t\t<span class=\"meta-author\">By <a href=\"https:\/\/www.myfriend.cl\/en\/author\/javier\/\" title=\"Posts by javier\" rel=\"author\">javier<\/a><\/span> <span class=\"meta-category\">| <a href=\"https:\/\/www.myfriend.cl\/en\/category\/news\/\">News<\/a><\/span> <span class=\"meta-comment-count\">| <a href=\"https:\/\/www.myfriend.cl\/en\/fundacion-diabetes-juvenil-de-chile-2\/#respond\">\n\t\t\t\t\t\tNo Comments<\/a><\/span>\n\t\t\t\t\t<\/div><!--\/post-header-->\n\t\t\t\t<div class=\"excerpt\"><p>La fundaci\u00f3n Diabetes Juvenil de Chile es una fundaci\u00f3n sin fin de lucro, formada hace 23 a\u00f1os por un grupo de padres de ni\u00f1os con diabetes, entre los que me incluyo. Su objetivo principal es ayudar a todas las personas que sufren de diabetes tipo 1, antiguamente llamada \u201cjuvenil\u201d como asimismo a su grupo familiar. Se les visita en el hospital para posteriormente incluirlos<\/p>\n<\/div><a class=\"more-link\" href=\"https:\/\/www.myfriend.cl\/en\/fundacion-diabetes-juvenil-de-chile-2\/\"><span class=\"continue-reading\">Read More<\/span><\/a>\t\t\t\t\t\n\t\t\t\t<\/div><!--article-content-wrap-->\n\n\t\t\t\t\t\t\n\t\t   \n\t\t\t\t\t\t\n\t\t\t\t\t\t\t\n\t\t<\/div><!--\/content-inner-->\n\t\t\n\t<\/div><!--\/post-content-->\n\t\t\n<\/article><!--\/article-->\r\n\t\t\t\t\t\t\t\r\n\t\t\t\t\r\n\t\t\t\t<article id=\"post-740\" class=\"post-740 post type-post status-publish format-standard has-post-thumbnail hentry category-news\">\n\n\t<div class=\"post-content\">\n\t\t\n\t\t\t\t\t\n\t\t\t\t\t\t\n\t\t\t<div class=\"post-meta \">\n\t\t\t\t\n\t\t\t\t\t\t\t\t\n\t\t\t\t<div class=\"date\">\n\t\t\t\t\t\t\t\t\t\t\n\t\t\t\t\t\t<span class=\"month\">Feb<\/span>\n\t\t\t\t\t\t<span class=\"day\">09<\/span>\n\t\t\t\t\t\t\t\t\t\t<\/div><!--\/date-->\n\t\t\t\t\n\t\t\t\t<div class=\"nectar-love-wrap\">\n\t\t\t\t\t<a href=\"#\" class=\"nectar-love\" id=\"nectar-love-740\" title=\"Love this\"> <div class=\"heart-wrap\"><i class=\"icon-salient-heart-2\"><\/i> <i class=\"icon-salient-heart loved\"><\/i><\/div><span class=\"nectar-love-count\">0<\/span><\/a>\t\t\t\t<\/div><!--\/nectar-love-wrap-->\t\n\t\t\t\t\t\t\t\n\t\t\t<\/div><!--\/post-meta-->\n\t\t\t\n\t\t\t\t\n\t\t<div class=\"content-inner\">\n\t\t\t\n\t\t\t<a href=\"https:\/\/www.myfriend.cl\/en\/actriz-y-musica-de-fina-estampa-2\/\"><span class=\"post-featured-img\"><img width=\"722\" height=\"269\" src=\"https:\/\/www.myfriend.cl\/bm\/wp-content\/uploads\/2015\/01\/Capa-27-Foto-2.jpg\" class=\"attachment-full size-full wp-post-image\" alt=\"\" decoding=\"async\" loading=\"lazy\" title=\"\" srcset=\"https:\/\/www.myfriend.cl\/bm\/wp-content\/uploads\/2015\/01\/Capa-27-Foto-2.jpg 722w, https:\/\/www.myfriend.cl\/bm\/wp-content\/uploads\/2015\/01\/Capa-27-Foto-2-300x111.jpg 300w\" sizes=\"(max-width: 722px) 100vw, 722px\" \/><\/span><\/a>\t\t\t\n\t\t\t\t\t\t\t<div class=\"article-content-wrap\">\n\n\t\t\t\t\t<div class=\"post-header\">\n\t\t\t\t\t\t<h2 class=\"title\"> <a href=\"https:\/\/www.myfriend.cl\/en\/actriz-y-musica-de-fina-estampa-2\/\">Actr\u00edz y M\u00fasica de Fina Estampa <\/a> <\/h2>\n\t\t\t\t\t\t<span class=\"meta-author\">By <a href=\"https:\/\/www.myfriend.cl\/en\/author\/javier\/\" title=\"Posts by javier\" rel=\"author\">javier<\/a><\/span> <span class=\"meta-category\">| <a href=\"https:\/\/www.myfriend.cl\/en\/category\/news\/\">News<\/a><\/span> <span class=\"meta-comment-count\">| <a href=\"https:\/\/www.myfriend.cl\/en\/actriz-y-musica-de-fina-estampa-2\/#respond\">\n\t\t\t\t\t\tNo Comments<\/a><\/span>\n\t\t\t\t\t<\/div><!--\/post-header-->\n\t\t\t\t<div class=\"excerpt\"><p>Claudia Guzm\u00e1n, en una serie de registro audiovisual, potente contenido dram\u00e1tico e int\u00e9rpretes de alto nivel, el debut actoral de Daniela Ram\u00edrez en TVN cumpli\u00f3 con dignidad. Pero s\u00ed en \u201cLos Archivos del Cardenal\u201d esta joven actriz oficia de solista en una imponente tragedia coral, ahora en \u201cEsperanza\u201d se alza como gran protagonista de una historia<\/p>\n<\/div><a class=\"more-link\" href=\"https:\/\/www.myfriend.cl\/en\/actriz-y-musica-de-fina-estampa-2\/\"><span class=\"continue-reading\">Read More<\/span><\/a>\t\t\t\t\t\n\t\t\t\t<\/div><!--article-content-wrap-->\n\n\t\t\t\t\t\t\n\t\t   \n\t\t\t\t\t\t\n\t\t\t\t\t\t\t\n\t\t<\/div><!--\/content-inner-->\n\t\t\n\t<\/div><!--\/post-content-->\n\t\t\n<\/article><!--\/article-->\r\n\t\t\t\t\t\t\r\n\t\t\t<\/div><!--\/posts container-->\r\n\t\t\t\r\n\t\t\t<div id=\"pagination\" data-is-text=\"All items loaded\">\r\n\t\t\t\t\t      <div class=\"prev\"><\/div>\r\n\t\t\t\t\t      <div class=\"next\"><a href=\"https:\/\/www.myfriend.cl\/en\/wp-json\/wp\/v2\/pages\/726\/page\/2\/\" >Next Entries &raquo;<\/a><\/div>\r\n\t\t\t\t          <\/div>\t\t\r\n\t\t<\/div><!--\/span_9-->\r\n\t\t\r\n\t\t\r\n\t<\/div>\r\n\t\r\n\t\n\t\t<\/div> \n\t<\/div> \n<\/div><\/div>\n","protected":false},"excerpt":{"rendered":"ACTRIZ Y M\u00daSICA DE FINA ESTAMPA En una serie de cuidado registro audiovisual potente contenido dram\u00e1tico e int\u00e9rpretes de alto nivel, el debut actoral de Daniela Ram\u00edrez en TVN cumpli\u00f3...","protected":false},"author":5,"featured_media":0,"parent":0,"menu_order":0,"comment_status":"open","ping_status":"open","template":"","meta":[],"_links":{"self":[{"href":"https:\/\/www.myfriend.cl\/en\/wp-json\/wp\/v2\/pages\/726\/"}],"collection":[{"href":"https:\/\/www.myfriend.cl\/en\/wp-json\/wp\/v2\/pages\/"}],"about":[{"href":"https:\/\/www.myfriend.cl\/en\/wp-json\/wp\/v2\/types\/page\/"}],"author":[{"embeddable":true,"href":"https:\/\/www.myfriend.cl\/en\/wp-json\/wp\/v2\/users\/5\/"}],"replies":[{"embeddable":true,"href":"https:\/\/www.myfriend.cl\/en\/wp-json\/wp\/v2\/comments\/?post=726"}],"version-history":[{"count":3,"href":"https:\/\/www.myfriend.cl\/en\/wp-json\/wp\/v2\/pages\/726\/revisions\/"}],"predecessor-version":[{"id":745,"href":"https:\/\/www.myfriend.cl\/en\/wp-json\/wp\/v2\/pages\/726\/revisions\/745\/"}],"wp:attachment":[{"href":"https:\/\/www.myfriend.cl\/en\/wp-json\/wp\/v2\/media\/?parent=726"}],"curies":[{"name":"wp","href":"https:\/\/api.w.org\/{rel}","templated":true}]}}

<div id="fws_6a992b9c5a8df" data-bg-mobile-hidden="" class="wpb_row vc_row-fluid standard_section   "  style="padding-top: 0px; padding-bottom: 0px; "><div class="row-bg-wrap"> <div class="row-bg   " style=""></div> </div><div class="col span_12 dark ">
	<div  class="vc_span12 wpb_column column_container col no-extra-padding"  data-padding-pos="all" data-hover-bg="" data-animation="" data-delay="0">
		<div class="wpb_wrapper">
				
	<div class="row">
	
	 <div id="post-area" class="col span_12 col_last "> <div class="posts-container">				
				
				<article id="post-735" class="post-735 post type-post status-publish format-standard has-post-thumbnail hentry category-news">

	<div class="post-content">
		
					
						
			<div class="post-meta ">
				
								
				<div class="date">
										
						<span class="month">Feb</span>
						<span class="day">09</span>
										</div><!--/date-->
				
				<div class="nectar-love-wrap">
					<a href="#" class="nectar-love" id="nectar-love-735" title="Love this"> <div class="heart-wrap"><i class="icon-salient-heart-2"></i> <i class="icon-salient-heart loved"></i></div><span class="nectar-love-count">3</span></a>				</div><!--/nectar-love-wrap-->	
							
			</div><!--/post-meta-->
			
				
		<div class="content-inner">
			
			<a href="https://www.myfriend.cl/en/buscando-a-maria-finaliza-grabaciones-2/"><span class="post-featured-img"><img width="722" height="269" src="https://www.myfriend.cl/bm/wp-content/uploads/2015/01/bmaria.jpg" class="attachment-full size-full wp-post-image" alt="" decoding="async" loading="lazy" title="" srcset="https://www.myfriend.cl/bm/wp-content/uploads/2015/01/bmaria.jpg 722w, https://www.myfriend.cl/bm/wp-content/uploads/2015/01/bmaria-300x111.jpg 300w" sizes="(max-width: 722px) 100vw, 722px" /></span></a>			
							<div class="article-content-wrap">

					<div class="post-header">
						<h2 class="title"> <a href="https://www.myfriend.cl/en/buscando-a-maria-finaliza-grabaciones-2/">“Buscando a María” finaliza grabaciones </a> </h2>
						<span class="meta-author">By <a href="https://www.myfriend.cl/en/author/javier/" title="Posts by javier" rel="author">javier</a></span> <span class="meta-category">| <a href="https://www.myfriend.cl/en/category/news/">News</a></span> <span class="meta-comment-count">| <a href="https://www.myfriend.cl/en/buscando-a-maria-finaliza-grabaciones-2/#respond">
						No Comments</a></span>
					</div><!--/post-header-->
				<div class="excerpt"><p>La nueva teleserie de Chilevisión protagonizada por Isidora Urrejola, Ricardo Fernández, Cristián Carvajal y realizada por la productora My Friend terminó su rodaje esta tarde. La historia original de Víctor Carrasco y que escribieron los guionistas Carlos Galofré, Sandra Arriagada e Iván Salas-Moya llegaría</p>
</div><a class="more-link" href="https://www.myfriend.cl/en/buscando-a-maria-finaliza-grabaciones-2/"><span class="continue-reading">Read More</span></a>					
				</div><!--article-content-wrap-->

						
		   
						
							
		</div><!--/content-inner-->
		
	</div><!--/post-content-->
		
</article><!--/article-->
							
				
				<article id="post-737" class="post-737 post type-post status-publish format-standard has-post-thumbnail hentry category-news">

	<div class="post-content">
		
					
						
			<div class="post-meta ">
				
								
				<div class="date">
										
						<span class="month">Feb</span>
						<span class="day">09</span>
										</div><!--/date-->
				
				<div class="nectar-love-wrap">
					<a href="#" class="nectar-love" id="nectar-love-737" title="Love this"> <div class="heart-wrap"><i class="icon-salient-heart-2"></i> <i class="icon-salient-heart loved"></i></div><span class="nectar-love-count">0</span></a>				</div><!--/nectar-love-wrap-->	
							
			</div><!--/post-meta-->
			
				
		<div class="content-inner">
			
			<a href="https://www.myfriend.cl/en/fundacion-diabetes-juvenil-de-chile-2/"><span class="post-featured-img"><img width="722" height="269" src="https://www.myfriend.cl/bm/wp-content/uploads/2015/01/Acoger-Foto-1.jpg" class="attachment-full size-full wp-post-image" alt="" decoding="async" loading="lazy" title="" srcset="https://www.myfriend.cl/bm/wp-content/uploads/2015/01/Acoger-Foto-1.jpg 722w, https://www.myfriend.cl/bm/wp-content/uploads/2015/01/Acoger-Foto-1-300x111.jpg 300w" sizes="(max-width: 722px) 100vw, 722px" /></span></a>			
							<div class="article-content-wrap">

					<div class="post-header">
						<h2 class="title"> <a href="https://www.myfriend.cl/en/fundacion-diabetes-juvenil-de-chile-2/">Fundación Diabetes Juvenil de Chile </a> </h2>
						<span class="meta-author">By <a href="https://www.myfriend.cl/en/author/javier/" title="Posts by javier" rel="author">javier</a></span> <span class="meta-category">| <a href="https://www.myfriend.cl/en/category/news/">News</a></span> <span class="meta-comment-count">| <a href="https://www.myfriend.cl/en/fundacion-diabetes-juvenil-de-chile-2/#respond">
						No Comments</a></span>
					</div><!--/post-header-->
				<div class="excerpt"><p>La fundación Diabetes Juvenil de Chile es una fundación sin fin de lucro, formada hace 23 años por un grupo de padres de niños con diabetes, entre los que me incluyo. Su objetivo principal es ayudar a todas las personas que sufren de diabetes tipo 1, antiguamente llamada “juvenil” como asimismo a su grupo familiar. Se les visita en el hospital para posteriormente incluirlos</p>
</div><a class="more-link" href="https://www.myfriend.cl/en/fundacion-diabetes-juvenil-de-chile-2/"><span class="continue-reading">Read More</span></a>					
				</div><!--article-content-wrap-->

						
		   
						
							
		</div><!--/content-inner-->
		
	</div><!--/post-content-->
		
</article><!--/article-->
							
				
				<article id="post-740" class="post-740 post type-post status-publish format-standard has-post-thumbnail hentry category-news">

	<div class="post-content">
		
					
						
			<div class="post-meta ">
				
								
				<div class="date">
										
						<span class="month">Feb</span>
						<span class="day">09</span>
										</div><!--/date-->
				
				<div class="nectar-love-wrap">
					<a href="#" class="nectar-love" id="nectar-love-740" title="Love this"> <div class="heart-wrap"><i class="icon-salient-heart-2"></i> <i class="icon-salient-heart loved"></i></div><span class="nectar-love-count">0</span></a>				</div><!--/nectar-love-wrap-->	
							
			</div><!--/post-meta-->
			
				
		<div class="content-inner">
			
			<a href="https://www.myfriend.cl/en/actriz-y-musica-de-fina-estampa-2/"><span class="post-featured-img"><img width="722" height="269" src="https://www.myfriend.cl/bm/wp-content/uploads/2015/01/Capa-27-Foto-2.jpg" class="attachment-full size-full wp-post-image" alt="" decoding="async" loading="lazy" title="" srcset="https://www.myfriend.cl/bm/wp-content/uploads/2015/01/Capa-27-Foto-2.jpg 722w, https://www.myfriend.cl/bm/wp-content/uploads/2015/01/Capa-27-Foto-2-300x111.jpg 300w" sizes="(max-width: 722px) 100vw, 722px" /></span></a>			
							<div class="article-content-wrap">

					<div class="post-header">
						<h2 class="title"> <a href="https://www.myfriend.cl/en/actriz-y-musica-de-fina-estampa-2/">Actríz y Música de Fina Estampa </a> </h2>
						<span class="meta-author">By <a href="https://www.myfriend.cl/en/author/javier/" title="Posts by javier" rel="author">javier</a></span> <span class="meta-category">| <a href="https://www.myfriend.cl/en/category/news/">News</a></span> <span class="meta-comment-count">| <a href="https://www.myfriend.cl/en/actriz-y-musica-de-fina-estampa-2/#respond">
						No Comments</a></span>
					</div><!--/post-header-->
				<div class="excerpt"><p>Claudia Guzmán, en una serie de registro audiovisual, potente contenido dramático e intérpretes de alto nivel, el debut actoral de Daniela Ramírez en TVN cumplió con dignidad. Pero sí en “Los Archivos del Cardenal” esta joven actriz oficia de solista en una imponente tragedia coral, ahora en “Esperanza” se alza como gran protagonista de una historia</p>
</div><a class="more-link" href="https://www.myfriend.cl/en/actriz-y-musica-de-fina-estampa-2/"><span class="continue-reading">Read More</span></a>					
				</div><!--article-content-wrap-->

						
		   
						
							
		</div><!--/content-inner-->
		
	</div><!--/post-content-->
		
</article><!--/article-->
						
			</div><!--/posts container-->
			
			<div id="pagination" data-is-text="All items loaded">
					      <div class="prev"></div>
					      <div class="next"><a href="https://www.myfriend.cl/en/wp-json/wp/v2/pages/726/page/2/" >Next Entries &raquo;</a></div>
				          </div>		
		</div><!--/span_9-->
		
		
	</div>
	
	
		</div> 
	</div> 
</div></div>

ACTRIZ Y MÚSICA DE FINA ESTAMPA En una serie de cuidado registro audiovisual potente contenido dramático e intérpretes de alto nivel, el debut actoral de Daniela Ramírez en TVN cumplió...
